it of 2540?
2
What is the ten thousands digit of 173341?
7
What is the hundreds digit of 503?
5
What is the units digit of 571?
1
What is the tens digit of 10525?
2
What is the units digit of 667?
7
What is the tens digit of 8486?
8
What is the thousands digit of 2502?
2
What is the tens digit of 663?
6
What is the tens digit of 373?
7
What is the hundreds digit of 34721?
7
What is the units digit of 579?
9
What is the thousands digit of 1379?
1
What is the hundreds digit of 49549?
5
What is the tens digit of 10928?
2
What is the hundreds digit of 4572?
5
What is the tens digit of 3821?
2
What is the tens digit of 914?
1
What is the tens digit of 585?
8
What is the units digit of 19422?
2
What is the thousands digit of 4270?
4
What is the tens digit of 1957?
5
What is the tens digit of 2149?
4
What is the thousands digit of 9473?
9
What is the units digit of 4484?
4
What is the tens digit of 13288?
8
What is the units digit of 1299?
9
What is the thousands digit of 90993?
0
What is the ten thousands digit of 13313?
1
What is the thousands digit of 47284?
7
What is the hundreds digit of 1861?
8
What is the tens digit of 1047?
4
What is the thousands digit of 1922?
1
What is the hundreds digit of 36409?
4
What is the hundred thousands digit of 101976?
1
What is the tens digit of 55917?
1
What is the tens digit of 27939?
3
What is the tens digit of 3657?
5
What is the units digit of 8471?
1
What is the ten thousands digit of 44513?
4
What is the thousands digit of 4100?
4
What is the thousands digit of 2609?
2
What is the thousands digit of 59137?
9
What is the tens digit of 9992?
9
What is the tens digit of 15673?
7
What is the thousands digit of 15308?
5
What is the units digit of 3240?
0
What is the tens digit of 36175?
7
What is the hundreds digit of 1232?
2
What is the hundreds digit of 10548?
5
What is the hundreds digit of 3648?
6
What is the thousands digit of 4504?
4
What is the units digit of 29127?
7
What is the tens digit of 759?
5
What is the units digit of 41967?
7
What is the tens digit of 48652?
5
What is the hundreds digit of 1785?
7
What is the tens digit of 73944?
4
What is the thousands digit of 20580?
0
What is the units digit of 1563?
3
What is the units digit of 478?
8
What is the thousands digit of 2057?
2
What is the thousands digit of 8825?
8
What is the thousands digit of 7772?
7
What is the thousands digit of 1918?
1
What is the hundreds digit of 1033?
0
What is the hundreds digit of 14698?
6
What is the hundreds digit of 8327?
3
What is the tens digit of 549?
4
What is the tens digit of 258?
5
What is the tens digit of 402?
0
What is the units digit of 1239?
9
What is the thousands digit of 11956?
1
What is the hundreds digit of 192?
1
What is the tens digit of 36697?
9
What is the ten thousands digit of 44940?
4
What is the units digit of 26953?
3
What is the hundreds digit of 49341?
3
What is the thousands digit of 5163?
5
What is the hundreds digit of 2627?
6
What is the units digit of 1994?
4
What is the thousands digit of 1391?
1
What is the hundreds digit of 66831?
8
What is the thousands digit of 2583?
2
What is the thousands digit of 12737?
2
What is the tens digit of 1263?
6
What is the units digit of 287?
7
What is the thousands digit of 5072?
5
What is the tens digit of 2867?
6
What is the hundreds digit of 4253?
2
What is the tens digit of 28435?
3
What is the units digit of 14928?
8
What is the thousands digit of 2220?
2
What is the hundreds digit of 1318?
3
What is the tens digit of 6548?
4
What is the units digit of 4?
4
What is the tens digit of 3427?
2
What is the thousands digit of 5269?
5
What is the hundreds digit of 163?
1
What is the thousands digit of 3820?
3
What is the tens digit of 1836?
3
What is the tens digit of 4368?
6
What is the units digit of 221?
1
What is the units digit of 40768?
8
What is the tens digit of 27536?
3
What is the hundreds digit of 4097?
0
What is the units digit of 13329?
9
What is the hundreds digit of 75605?
6
What is the ten thousands digit of 43135?
4
What is the units digit of 773?
3
What is the hundreds digit of 1044?
0
What is the tens digit of 553?
5
What is the units digit of 8786?
6
What is the tens digit of 62369?
6
What is the ten thousands digit of 10535?
1
What is the tens digit of 7821?
2
What is the units digit of 6935?
5
What is the hundreds digit of 9128?
1
What is the tens digit of 1780?
8
What is the hundreds digit of 9075?
0
What is the hundreds digit of 7338?
3
What is the tens digit of 5986?
8
What is the hundreds digit of 1273?
2
What is the tens digit of 4509?
0
What is the units digit of 924?
4
What is the hundreds digit of 115?
1
What is the tens digit of 539?
3
What is the thousands digit of 10682?
0
What is the hundreds digit of 1159?
1
What is the hundreds digit of 670?
6
What is the tens digit of 816?
1
What is the tens digit of 31996?
9
What is the units digit of 45669?
9
What is the thousands digit of 4502?
4
What is the hundred thousands digit of 139739?
1
What is the tens digit of 22406?
0
What is the tens digit of 370?
7
What is the thousands digit of 16757?
6
What is the tens digit of 10029?
2
What is the hundreds digit of 38908?
9
What is the hundreds digit of 6475?
4
What is the tens digit of 1294?
9
What is the ten thousands digit of 15522?
1
What is the tens digit of 1471?
7
What is the hundreds digit of 3333?
3
What is the tens digit of 1283?
8
What is the units digit of 1750?
0
What is the hundreds digit of 1655?
6
What is the ten thousands digit of 24507?
2
What is the tens digit of 37266?
6
What is the tens digit of 40131?
3
What is the hundreds digit of 14699?
6
What is the tens digit of 1426?
2
What is the tens digit of 33621?
2
What is the thousands digit of 20430?
0
What is the units digit of 95019?
9
What is the hundreds digit of 1941?
9
What is the units digit of 1687?
7
What is the tens digit of 1261?
6
What is the thousands digit of 4232?
4
What is the units digit of 586?
6
What is the tens digit of 23352?
5
What is the units digit of 26226?
6
What is the units digit of 3874?
4
What is the units digit of 719?
9
What is the tens digit of 1694?
9
What is the hundreds digit of 609?
6
What is the thousands digit of 3949?
3
What is the units digit of 9422?
2
What is the hundreds digit of 12270?
2
What is the units digit of 164?
4
What is the tens digit of 850?
5
What is the units digit of 18571?
1
What is the hundreds digit of 11410?
4
What is the units digit of 45960?
0
What is the hundreds digit of 2611?
6
What is the units digit of 1098?
8
What is the tens digit of 195?
9
What is the hundreds digit of 206?
2
What is the tens digit of 80659?
5
What is the ten thousands digit of 15835?
1
What is the units digit of 59831?
1
What is the thousands digit of 24809?
4
What is the hundreds digit of 6849?
8
What is the thousands digit of 126868?
6
What is the hundreds digit of 1491?
4
What is the tens digit of 8522?
2
What is the tens digit of 1596?
9
What is the tens digit of 580?
8
What is the ten thousands digit of 109053?
0
What is the tens digit of 36040?
4
What is the units digit of 23473?
3
What is the hundreds digit of 481?
4
What is the tens digit of 18045?
4
What is the ten thousands digit of 76985?
7
What is the hundreds digit of 8898?
8
What is the units digit of 3555?
5
What is the tens digit of 9041?
4
What is the ten thousands digit of 32319?
3
What is the thousands digit of 31429?
1
What is the hundreds digit of 24449?
4
What is the units digit of 8600?
0
What is the thousands digit of 1488?
1
What is the units digit of 4655?
5
What is the hundreds digit of 7959?
9
What is the units digit of 3104?
4
What is the hundreds digit of 716?
7
What is the thousands digit of 1473?
1
What is the hundreds digit of 5734?
7
What is the thousands digit of 1191?
1
What is the ten thousands digit of 17301?
1
What is the thousands digit of 5867?
5
What is the tens digit of 1260?
6
What is the tens digit of 93020?
2
What is the thousands digit of 1061?
1
What is the units digit of 540?
0
What is the ten thousands digit of 14924?
1
What is the ten thousands digit of 53709?
5
What is the ten thousands digit of 11714?
1
What is the tens digit of 16225?
2
What is the tens digit of 51004?
0
What is the units digit of 52666?
6
Wha